{"id":3177,"date":"2016-10-10T15:25:24","date_gmt":"2016-10-10T13:25:24","guid":{"rendered":"http:\/\/www.sporttennis.it\/sef-italia\/?page_id=3177"},"modified":"2020-12-11T10:06:12","modified_gmt":"2020-12-11T09:06:12","slug":"roping","status":"publish","type":"page","link":"https:\/\/www.sef-italia.it\/index.php\/dipartimenti\/roping\/","title":{"rendered":"Roping"},"content":{"rendered":"<p><a title=\"Team Roping\" href=\"https:\/\/www.flickr.com\/photos\/sefitalia\/albums\/72157662757319919\" data-flickr-embed=\"true\"><img loading=\"lazy\" decoding=\"async\" class=\"aligncenter\" src=\"https:\/\/c2.staticflickr.com\/2\/1606\/23966224249_2c442d1ef7_z.jpg\" alt=\"Team Roping\" width=\"640\" height=\"480\" \/><\/a><script async=\"\" src=\"\/\/embedr.flickr.com\/assets\/client-code.js\" charset=\"utf-8\"><\/script><\/p>\n<p>Il RANCH ROPING TRAIL \u00e8 una disciplina composta da pi\u00f9 specialit\u00e0 che simulano il lavoro dei Buckaroo.<\/p>\n<p>Il RANCH ROPING consiste nel separare un vitello dalla mandria dimostrare di averlo sotto controllo e nel tempo limite di 2 minuti e mezzo catturarlo alla testa per NOVICE e NON PRO o testa e gambe per la categoria PRO con team composti da 2 persone.<\/p>\n<p>Il RANCH TRAIL Questa \u00e8 una disciplina per rendere la specialit\u00e0 il pi\u00f9 simile al vero lavoro che deve affrontare un CAVALLO DA RANCH<\/p>\n<p>La disciplina vedr\u00e0 la possibilit\u00e0 di avere pi\u00f9 percorsi a disposizione dei giudici che prima dell&#8217;inizio della manifestazione ne sceglieranno uno da tracciare in arena, per poter essere visionato da tutti prima di affrontarlo e verr\u00e0 fatta dimostrazione su come dovr\u00e0 essere affrontato correttamente.<\/p>\n<p>Le manovre che saranno richieste saranno cerchi, stop, roll back, back, side pass, pivot su anteriori, pivot su posteriori (spin) e un percorso di trail con ostacoli il pi\u00f9 \u201cnaturali\u201d possibili quali cancello, ponte, barriere a terra e qualsiasi altro tipo di ostacolo che si possa trovare sul territorio in un eventuale CATTLE DRIVE.<\/p>\n<p>Il RANCH COW HORSE Questa\u00a0 disciplina \u00e8 un mix tra il WORKING COW HORSE\u00a0 e il CUTTING, ovviamente non esasperato come nelle rispettive discipline ma semplificato per far vedere come lavora il binomio prediligendo soprattutto la tecnica alla velocit\u00e0.<\/p>\n<p>La cosa fondamentale \u00e8 dare dimostrazione di come si riesce a tagliare il vitello dalla mandria, portarlo fuori, impedire che rientri in mandria, e alla fine boxarlo sul lato opposto di dove si trova la mandria facendo fare al vitello almeno una girata a destra e una a sinistra, poi guidarlo sul lato lungo dell&#8217;arena facendole fare almeno una girata a destra e una a sinistra, senza pressare troppo il vitello e farlo correre troppo velocemente,<\/p>\n<p>Verr\u00e0 premiata la precisione dimostrata nel fare il lavoro\u00a0 non la velocit\u00e0 con cui viene fatto.<\/p>\n<p>Quello a cui si vuole arrivare \u00e8 di avere sempre pi\u00f9 il vero Cavallo da Ranch, non un cavallo che sappia fare solo una disciplina, ma un buon cavallo in tutte e di conseguenza anche un cavaliere polivalente.<\/p>\n<p><em><strong>Regolamento PR\u00a0 Ranch Roping Trail<\/strong><\/em><\/p>\n<p>Questa disciplina prevede la partecipazione di team composti da tre concorrenti appartenenti\u00a0 alla categoria PRO &#8211; NON PRO. E NOVICE<\/p>\n<p>Il tempo limite a disposizione di ogni team \u00e8 di 6 minuti durante i quali ogni team dovr\u00e0 far fare ai 3 cavalli e a\u00a0 tutta la mandria un percorso prestabilito e illustrato prima dell&#8217;inizio, farla entrare all&#8217;interno di un quadrato delimitato da 4 barriere a terra, di almeno metri 3&#215;3 ma in base al numero di vitelli che compongono la mandria,dovr\u00e0 essere grande abbastanza da contenerli tutti, dopo di che dovr\u00e0 catturare il vitello assegnato all&#8217;entrata in arena effettuando nell\u2019ordine:<\/p>\n<p><em>presa alla testa; &#8211; presa alle zampe posteriori; &#8211; presa alle zampe anteriori.<\/em><\/p>\n<p><strong><em>Responsabile Nazionale Roping:<\/em><\/strong><\/p>\n<p>Beppe Tassara<\/p>\n<p><a href=\"http:\/\/www.sef-italia.it\/wp-content\/uploads\/2020\/06\/Regolamento_Roping.pdf\"><em>SCARICA QUI IL REGOLAMENTO DI ROPING\u00a0<\/em><\/a><\/p>\n<p><a href=\"http:\/\/www.sef-italia.it\/wp-content\/uploads\/2020\/06\/Regolamento_Ranch_Trail.pdf\"><em>SCARICA QUI IL REGOLAMENTO DI RANCH TRAIL<\/em><\/a><\/p>\n<p><a href=\"http:\/\/www.sef-italia.it\/wp-content\/uploads\/2020\/06\/Regolamento_Ranch_Roping_Trail.pdf\"><em>SCARICA QUI IL REGOLAMENTO DI RANCH ROPING TRAIL<\/em><\/a><\/p>\n<p><a href=\"http:\/\/www.sef-italia.it\/wp-content\/uploads\/2020\/06\/Regolamento_Cow_Horse.pdf\"><em>SCARICA QUI IL REGOLAMENTO DI COW HORSE<\/em><\/a><\/p>\n","protected":false},"excerpt":{"rendered":"<p>Il RANCH ROPING TRAIL \u00e8 una disciplina composta da pi\u00f9 specialit\u00e0 che simulano il lavoro dei Buckaroo. Il RANCH ROPING consiste nel [&hellip;]<\/p>\n","protected":false},"author":1,"featured_media":0,"parent":44,"menu_order":0,"comment_status":"closed","ping_status":"closed","template":"","meta":{"footnotes":""},"yoast_head":"<!-- This site is optimized with the Yoast SEO plugin v24.5 - https:\/\/yoast.com\/wordpress\/plugins\/seo\/ -->\r\n<title>Roping - SEF Italia<\/title>\r\n<meta name=\"robots\" content=\"index, follow, max-snippet:-1, max-image-preview:large, max-video-preview:-1\" \/>\r\n<link rel=\"canonical\" href=\"https:\/\/www.sef-italia.it\/index.php\/dipartimenti\/roping\/\" \/>\r\n<meta property=\"og:locale\" content=\"it_IT\" \/>\r\n<meta property=\"og:type\" content=\"article\" \/>\r\n<meta property=\"og:title\" content=\"Roping - SEF Italia\" \/>\r\n<meta property=\"og:description\" content=\"Il RANCH ROPING TRAIL \u00e8 una disciplina composta da pi\u00f9 specialit\u00e0 che simulano il lavoro dei Buckaroo. Il RANCH ROPING consiste nel [&hellip;]\" \/>\r\n<meta property=\"og:url\" content=\"https:\/\/www.sef-italia.it\/index.php\/dipartimenti\/roping\/\" \/>\r\n<meta property=\"og:site_name\" content=\"SEF Italia\" \/>\r\n<meta property=\"article:publisher\" content=\"https:\/\/www.facebook.com\/scuolaequestrediformazione\/\" \/>\r\n<meta property=\"article:modified_time\" content=\"2020-12-11T09:06:12+00:00\" \/>\r\n<meta property=\"og:image\" content=\"https:\/\/c2.staticflickr.com\/2\/1606\/23966224249_2c442d1ef7_z.jpg\" \/>\r\n<meta name=\"twitter:card\" content=\"summary_large_image\" \/>\r\n<meta name=\"twitter:site\" content=\"@sef_italia\" \/>\r\n<meta name=\"twitter:label1\" content=\"Tempo di lettura stimato\" \/>\n\t<meta name=\"twitter:data1\" content=\"2 minuti\" \/>\r\n<script type=\"application\/ld+json\" class=\"yoast-schema-graph\">{\"@context\":\"https:\/\/schema.org\",\"@graph\":[{\"@type\":\"WebPage\",\"@id\":\"https:\/\/www.sef-italia.it\/index.php\/dipartimenti\/roping\/\",\"url\":\"https:\/\/www.sef-italia.it\/index.php\/dipartimenti\/roping\/\",\"name\":\"Roping - SEF Italia\",\"isPartOf\":{\"@id\":\"https:\/\/www.sef-italia.it\/#website\"},\"primaryImageOfPage\":{\"@id\":\"https:\/\/www.sef-italia.it\/index.php\/dipartimenti\/roping\/#primaryimage\"},\"image\":{\"@id\":\"https:\/\/www.sef-italia.it\/index.php\/dipartimenti\/roping\/#primaryimage\"},\"thumbnailUrl\":\"https:\/\/c2.staticflickr.com\/2\/1606\/23966224249_2c442d1ef7_z.jpg\",\"datePublished\":\"2016-10-10T13:25:24+00:00\",\"dateModified\":\"2020-12-11T09:06:12+00:00\",\"breadcrumb\":{\"@id\":\"https:\/\/www.sef-italia.it\/index.php\/dipartimenti\/roping\/#breadcrumb\"},\"inLanguage\":\"it-IT\",\"potentialAction\":[{\"@type\":\"ReadAction\",\"target\":[\"https:\/\/www.sef-italia.it\/index.php\/dipartimenti\/roping\/\"]}]},{\"@type\":\"ImageObject\",\"inLanguage\":\"it-IT\",\"@id\":\"https:\/\/www.sef-italia.it\/index.php\/dipartimenti\/roping\/#primaryimage\",\"url\":\"https:\/\/c2.staticflickr.com\/2\/1606\/23966224249_2c442d1ef7_z.jpg\",\"contentUrl\":\"https:\/\/c2.staticflickr.com\/2\/1606\/23966224249_2c442d1ef7_z.jpg\"},{\"@type\":\"BreadcrumbList\",\"@id\":\"https:\/\/www.sef-italia.it\/index.php\/dipartimenti\/roping\/#breadcrumb\",\"itemListElement\":[{\"@type\":\"ListItem\",\"position\":1,\"name\":\"Home\",\"item\":\"https:\/\/www.sef-italia.it\/\"},{\"@type\":\"ListItem\",\"position\":2,\"name\":\"Dipartimenti\",\"item\":\"https:\/\/www.sef-italia.it\/index.php\/dipartimenti\/\"},{\"@type\":\"ListItem\",\"position\":3,\"name\":\"Roping\"}]},{\"@type\":\"WebSite\",\"@id\":\"https:\/\/www.sef-italia.it\/#website\",\"url\":\"https:\/\/www.sef-italia.it\/\",\"name\":\"SEF Italia\",\"description\":\"Il nuovo sito SEF Italia\",\"publisher\":{\"@id\":\"https:\/\/www.sef-italia.it\/#organization\"},\"potentialAction\":[{\"@type\":\"SearchAction\",\"target\":{\"@type\":\"EntryPoint\",\"urlTemplate\":\"https:\/\/www.sef-italia.it\/?s={search_term_string}\"},\"query-input\":{\"@type\":\"PropertyValueSpecification\",\"valueRequired\":true,\"valueName\":\"search_term_string\"}}],\"inLanguage\":\"it-IT\"},{\"@type\":\"Organization\",\"@id\":\"https:\/\/www.sef-italia.it\/#organization\",\"name\":\"SEF Italia\",\"url\":\"https:\/\/www.sef-italia.it\/\",\"logo\":{\"@type\":\"ImageObject\",\"inLanguage\":\"it-IT\",\"@id\":\"https:\/\/www.sef-italia.it\/#\/schema\/logo\/image\/\",\"url\":\"https:\/\/www.sef-italia.it\/wp-content\/uploads\/2018\/01\/logoSEF_QUADRATO-.jpg\",\"contentUrl\":\"https:\/\/www.sef-italia.it\/wp-content\/uploads\/2018\/01\/logoSEF_QUADRATO-.jpg\",\"width\":600,\"height\":600,\"caption\":\"SEF Italia\"},\"image\":{\"@id\":\"https:\/\/www.sef-italia.it\/#\/schema\/logo\/image\/\"},\"sameAs\":[\"https:\/\/www.facebook.com\/scuolaequestrediformazione\/\",\"https:\/\/x.com\/sef_italia\",\"https:\/\/www.youtube.com\/channel\/UCcEMamL3elnrqfrtIT8sh7g?view_as=subscriber\"]}]}<\/script>\r\n<!-- \/ Yoast SEO plugin. -->","yoast_head_json":{"title":"Roping - SEF Italia","robots":{"index":"index","follow":"follow","max-snippet":"max-snippet:-1","max-image-preview":"max-image-preview:large","max-video-preview":"max-video-preview:-1"},"canonical":"https:\/\/www.sef-italia.it\/index.php\/dipartimenti\/roping\/","og_locale":"it_IT","og_type":"article","og_title":"Roping - SEF Italia","og_description":"Il RANCH ROPING TRAIL \u00e8 una disciplina composta da pi\u00f9 specialit\u00e0 che simulano il lavoro dei Buckaroo. Il RANCH ROPING consiste nel [&hellip;]","og_url":"https:\/\/www.sef-italia.it\/index.php\/dipartimenti\/roping\/","og_site_name":"SEF Italia","article_publisher":"https:\/\/www.facebook.com\/scuolaequestrediformazione\/","article_modified_time":"2020-12-11T09:06:12+00:00","og_image":[{"url":"https:\/\/c2.staticflickr.com\/2\/1606\/23966224249_2c442d1ef7_z.jpg","type":"","width":"","height":""}],"twitter_card":"summary_large_image","twitter_site":"@sef_italia","twitter_misc":{"Tempo di lettura stimato":"2 minuti"},"schema":{"@context":"https:\/\/schema.org","@graph":[{"@type":"WebPage","@id":"https:\/\/www.sef-italia.it\/index.php\/dipartimenti\/roping\/","url":"https:\/\/www.sef-italia.it\/index.php\/dipartimenti\/roping\/","name":"Roping - SEF Italia","isPartOf":{"@id":"https:\/\/www.sef-italia.it\/#website"},"primaryImageOfPage":{"@id":"https:\/\/www.sef-italia.it\/index.php\/dipartimenti\/roping\/#primaryimage"},"image":{"@id":"https:\/\/www.sef-italia.it\/index.php\/dipartimenti\/roping\/#primaryimage"},"thumbnailUrl":"https:\/\/c2.staticflickr.com\/2\/1606\/23966224249_2c442d1ef7_z.jpg","datePublished":"2016-10-10T13:25:24+00:00","dateModified":"2020-12-11T09:06:12+00:00","breadcrumb":{"@id":"https:\/\/www.sef-italia.it\/index.php\/dipartimenti\/roping\/#breadcrumb"},"inLanguage":"it-IT","potentialAction":[{"@type":"ReadAction","target":["https:\/\/www.sef-italia.it\/index.php\/dipartimenti\/roping\/"]}]},{"@type":"ImageObject","inLanguage":"it-IT","@id":"https:\/\/www.sef-italia.it\/index.php\/dipartimenti\/roping\/#primaryimage","url":"https:\/\/c2.staticflickr.com\/2\/1606\/23966224249_2c442d1ef7_z.jpg","contentUrl":"https:\/\/c2.staticflickr.com\/2\/1606\/23966224249_2c442d1ef7_z.jpg"},{"@type":"BreadcrumbList","@id":"https:\/\/www.sef-italia.it\/index.php\/dipartimenti\/roping\/#breadcrumb","itemListElement":[{"@type":"ListItem","position":1,"name":"Home","item":"https:\/\/www.sef-italia.it\/"},{"@type":"ListItem","position":2,"name":"Dipartimenti","item":"https:\/\/www.sef-italia.it\/index.php\/dipartimenti\/"},{"@type":"ListItem","position":3,"name":"Roping"}]},{"@type":"WebSite","@id":"https:\/\/www.sef-italia.it\/#website","url":"https:\/\/www.sef-italia.it\/","name":"SEF Italia","description":"Il nuovo sito SEF Italia","publisher":{"@id":"https:\/\/www.sef-italia.it\/#organization"},"potentialAction":[{"@type":"SearchAction","target":{"@type":"EntryPoint","urlTemplate":"https:\/\/www.sef-italia.it\/?s={search_term_string}"},"query-input":{"@type":"PropertyValueSpecification","valueRequired":true,"valueName":"search_term_string"}}],"inLanguage":"it-IT"},{"@type":"Organization","@id":"https:\/\/www.sef-italia.it\/#organization","name":"SEF Italia","url":"https:\/\/www.sef-italia.it\/","logo":{"@type":"ImageObject","inLanguage":"it-IT","@id":"https:\/\/www.sef-italia.it\/#\/schema\/logo\/image\/","url":"https:\/\/www.sef-italia.it\/wp-content\/uploads\/2018\/01\/logoSEF_QUADRATO-.jpg","contentUrl":"https:\/\/www.sef-italia.it\/wp-content\/uploads\/2018\/01\/logoSEF_QUADRATO-.jpg","width":600,"height":600,"caption":"SEF Italia"},"image":{"@id":"https:\/\/www.sef-italia.it\/#\/schema\/logo\/image\/"},"sameAs":["https:\/\/www.facebook.com\/scuolaequestrediformazione\/","https:\/\/x.com\/sef_italia","https:\/\/www.youtube.com\/channel\/UCcEMamL3elnrqfrtIT8sh7g?view_as=subscriber"]}]}},"_links":{"self":[{"href":"https:\/\/www.sef-italia.it\/index.php\/wp-json\/wp\/v2\/pages\/3177"}],"collection":[{"href":"https:\/\/www.sef-italia.it\/index.php\/wp-json\/wp\/v2\/pages"}],"about":[{"href":"https:\/\/www.sef-italia.it\/index.php\/wp-json\/wp\/v2\/types\/page"}],"author":[{"embeddable":true,"href":"https:\/\/www.sef-italia.it\/index.php\/wp-json\/wp\/v2\/users\/1"}],"replies":[{"embeddable":true,"href":"https:\/\/www.sef-italia.it\/index.php\/wp-json\/wp\/v2\/comments?post=3177"}],"version-history":[{"count":7,"href":"https:\/\/www.sef-italia.it\/index.php\/wp-json\/wp\/v2\/pages\/3177\/revisions"}],"predecessor-version":[{"id":18075,"href":"https:\/\/www.sef-italia.it\/index.php\/wp-json\/wp\/v2\/pages\/3177\/revisions\/18075"}],"up":[{"embeddable":true,"href":"https:\/\/www.sef-italia.it\/index.php\/wp-json\/wp\/v2\/pages\/44"}],"wp:attachment":[{"href":"https:\/\/www.sef-italia.it\/index.php\/wp-json\/wp\/v2\/media?parent=3177"}],"curies":[{"name":"wp","href":"https:\/\/api.w.org\/{rel}","templated":true}]}}